{"id":299,"date":"2024-02-28T00:31:13","date_gmt":"2024-02-28T00:31:13","guid":{"rendered":"https:\/\/napawika.com.mx\/producto\/pulsera\/"},"modified":"2024-03-22T12:06:06","modified_gmt":"2024-03-22T19:06:06","slug":"pulsera","status":"publish","type":"product","link":"https:\/\/napawika.com.mx\/ralamuli\/product\/pulsera\/","title":{"rendered":"PULSERA"},"content":{"rendered":"<p>La joyer\u00eda raramuli esta principalmente hecha de chakira e\u00a0hilo transparente. La pulseras tambi\u00e9n pueden ser realizadas con hilo de grosor mediano esto para poder realizar mejores dise\u00f1os.<\/p>","protected":false},"excerpt":{"rendered":"<p>Sus dise\u00f1os son realizados con chakira o hilos de distintos tama\u00f1os, creando diversos patrones para lograr la pieza \u00fanica.<\/p>","protected":false},"featured_media":379,"comment_status":"open","ping_status":"closed","template":"","meta":[],"product_cat":[87],"product_tag":[89,78,88],"class_list":{"0":"post-299","1":"product","2":"type-product","3":"status-publish","4":"has-post-thumbnail","6":"product_cat-joyeria","7":"product_tag-chakira","8":"product_tag-hilo","9":"product_tag-joyera","11":"first","12":"instock","13":"sale","14":"shipping-taxable","15":"purchasable","16":"product-type-simple"},"_links":{"self":[{"href":"https:\/\/napawika.com.mx\/ralamuli\/wp-json\/wp\/v2\/product\/299","targetHints":{"allow":["GET"]}}],"collection":[{"href":"https:\/\/napawika.com.mx\/ralamuli\/wp-json\/wp\/v2\/product"}],"about":[{"href":"https:\/\/napawika.com.mx\/ralamuli\/wp-json\/wp\/v2\/types\/product"}],"replies":[{"embeddable":true,"href":"https:\/\/napawika.com.mx\/ralamuli\/wp-json\/wp\/v2\/comments?post=299"}],"wp:featuredmedia":[{"embeddable":true,"href":"https:\/\/napawika.com.mx\/ralamuli\/wp-json\/wp\/v2\/media\/379"}],"wp:attachment":[{"href":"https:\/\/napawika.com.mx\/ralamuli\/wp-json\/wp\/v2\/media?parent=299"}],"wp:term":[{"taxonomy":"product_cat","embeddable":true,"href":"https:\/\/napawika.com.mx\/ralamuli\/wp-json\/wp\/v2\/product_cat?post=299"},{"taxonomy":"product_tag","embeddable":true,"href":"https:\/\/napawika.com.mx\/ralamuli\/wp-json\/wp\/v2\/product_tag?post=299"}],"curies":[{"name":"wp","href":"https:\/\/api.w.org\/{rel}","templated":true}]}}